{"id":733,"date":"2014-09-13T15:37:08","date_gmt":"2014-09-13T15:37:08","guid":{"rendered":"http:\/\/www.by-mandy.nl\/?page_id=733"},"modified":"2023-01-08T10:12:33","modified_gmt":"2023-01-08T10:12:33","slug":"wimperextensions","status":"publish","type":"page","link":"https:\/\/www.by-mandy.nl\/index.php\/wimperextensions\/","title":{"rendered":"WimperExtensions"},"content":{"rendered":"<div id=\"pl-733\"  class=\"panel-layout\" ><div id=\"pg-733-0\"  class=\"panel-grid panel-no-style\" ><div id=\"pgc-733-0-0\"  class=\"panel-grid-cell\" ><div id=\"panel-733-0-0-0\" class=\"so-panel widget widget_sow-image panel-first-child panel-last-child\" data-index=\"0\" ><div\n\t\t\t\n\t\t\tclass=\"so-widget-sow-image so-widget-sow-image-default-8b5b6f678277-733\"\n\t\t\t\n\t\t>\n<div class=\"sow-image-container\">\n\t\t<img \n\tsrc=\"https:\/\/www.by-mandy.nl\/wp-content\/uploads\/2014\/09\/Lash-Extend.jpg\" width=\"1424\" height=\"534\" srcset=\"https:\/\/www.by-mandy.nl\/wp-content\/uploads\/2014\/09\/Lash-Extend.jpg 1424w, https:\/\/www.by-mandy.nl\/wp-content\/uploads\/2014\/09\/Lash-Extend-300x113.jpg 300w, https:\/\/www.by-mandy.nl\/wp-content\/uploads\/2014\/09\/Lash-Extend-768x288.jpg 768w, https:\/\/www.by-mandy.nl\/wp-content\/uploads\/2014\/09\/Lash-Extend-1024x384.jpg 1024w\" sizes=\"(max-width: 1424px) 100vw, 1424px\" alt=\"\" \t\tclass=\"so-widget-image\"\/>\n\t<\/div>\n\n<\/div><\/div><\/div><\/div><div id=\"pg-733-1\"  class=\"panel-grid panel-no-style\" ><div id=\"pgc-733-1-0\"  class=\"panel-grid-cell\" ><div id=\"panel-733-1-0-0\" class=\"so-panel widget widget_veuse_divider_widget panel-first-child panel-last-child\" data-index=\"1\" ><h4 class=\"veuse-divider veuse-divider-left\"><span><i class=\"fa fa-*\"><\/i><\/span><\/h4><\/div><\/div><\/div><div id=\"pg-733-2\"  class=\"panel-grid panel-no-style\" ><div id=\"pgc-733-2-0\"  class=\"panel-grid-cell\" ><div id=\"panel-733-2-0-0\" class=\"so-panel widget widget_sow-image panel-first-child panel-last-child\" data-index=\"2\" ><div\n\t\t\t\n\t\t\tclass=\"so-widget-sow-image so-widget-sow-image-default-c67d20f9f743-733\"\n\t\t\t\n\t\t>\n<div class=\"sow-image-container\">\n\t\t<img \n\tsrc=\"https:\/\/www.by-mandy.nl\/wp-content\/uploads\/2014\/09\/kisspng-mascara-cosmetics-eyelash-eye-shadow-eye-liner-brush-strokes-5abe06c5922bb0.6405158715224030135987.png\" width=\"150\" height=\"150\" srcset=\"https:\/\/www.by-mandy.nl\/wp-content\/uploads\/2014\/09\/kisspng-mascara-cosmetics-eyelash-eye-shadow-eye-liner-brush-strokes-5abe06c5922bb0.6405158715224030135987.png 1000w, https:\/\/www.by-mandy.nl\/wp-content\/uploads\/2014\/09\/kisspng-mascara-cosmetics-eyelash-eye-shadow-eye-liner-brush-strokes-5abe06c5922bb0.6405158715224030135987-150x150.png 150w, https:\/\/www.by-mandy.nl\/wp-content\/uploads\/2014\/09\/kisspng-mascara-cosmetics-eyelash-eye-shadow-eye-liner-brush-strokes-5abe06c5922bb0.6405158715224030135987-300x300.png 300w, https:\/\/www.by-mandy.nl\/wp-content\/uploads\/2014\/09\/kisspng-mascara-cosmetics-eyelash-eye-shadow-eye-liner-brush-strokes-5abe06c5922bb0.6405158715224030135987-768x768.png 768w\" sizes=\"(max-width: 150px) 100vw, 150px\" alt=\"\" \t\tclass=\"so-widget-image\"\/>\n\t<\/div>\n\n<\/div><\/div><\/div><div id=\"pgc-733-2-1\"  class=\"panel-grid-cell\" ><div id=\"panel-733-2-1-0\" class=\"so-panel widget widget_black-studio-tinymce widget_black_studio_tinymce panel-first-child panel-last-child\" data-index=\"3\" ><div class=\"textwidget\"><div class=\"et_pb_text et_pb_bg_layout_dark et_pb_text_align_left\">\n<h2 style=\"text-align: center;\"><span style=\"color: #e32095;\">BELANGRIJK<\/span><\/h2>\n<p style=\"text-align: center;\"><b>KOM <span style=\"color: #e32095;\">ALTIJD<\/span> MET GEREINIGDE WIMPERS (LIEFST MET EEN PRODUCT ZONDER OLIE) EN<span style=\"color: #e32095;\"> ZONDER<\/span> <span style=\"color: #e32095;\">MASCARA<\/span> NAAR JE BEZOEK AAN DE SALON. <\/b><\/p>\n<p style=\"text-align: center;\"><b>DIT ZORGT VOOR EEN MOOIER RESULTAAT EN BETERE HECHTING.<\/b><\/p>\n<\/div>\n<\/div><\/div><\/div><div id=\"pgc-733-2-2\"  class=\"panel-grid-cell\" ><div id=\"panel-733-2-2-0\" class=\"so-panel widget widget_sow-image panel-first-child panel-last-child\" data-index=\"4\" ><div\n\t\t\t\n\t\t\tclass=\"so-widget-sow-image so-widget-sow-image-default-c67d20f9f743-733\"\n\t\t\t\n\t\t>\n<div class=\"sow-image-container\">\n\t\t<img \n\tsrc=\"https:\/\/www.by-mandy.nl\/wp-content\/uploads\/2014\/09\/kisspng-mascara-cosmetics-eyelash-eye-shadow-eye-liner-brush-strokes-5abe06c5922bb0.6405158715224030135987.png\" width=\"150\" height=\"150\" srcset=\"https:\/\/www.by-mandy.nl\/wp-content\/uploads\/2014\/09\/kisspng-mascara-cosmetics-eyelash-eye-shadow-eye-liner-brush-strokes-5abe06c5922bb0.6405158715224030135987.png 1000w, https:\/\/www.by-mandy.nl\/wp-content\/uploads\/2014\/09\/kisspng-mascara-cosmetics-eyelash-eye-shadow-eye-liner-brush-strokes-5abe06c5922bb0.6405158715224030135987-150x150.png 150w, https:\/\/www.by-mandy.nl\/wp-content\/uploads\/2014\/09\/kisspng-mascara-cosmetics-eyelash-eye-shadow-eye-liner-brush-strokes-5abe06c5922bb0.6405158715224030135987-300x300.png 300w, https:\/\/www.by-mandy.nl\/wp-content\/uploads\/2014\/09\/kisspng-mascara-cosmetics-eyelash-eye-shadow-eye-liner-brush-strokes-5abe06c5922bb0.6405158715224030135987-768x768.png 768w\" sizes=\"(max-width: 150px) 100vw, 150px\" alt=\"\" \t\tclass=\"so-widget-image\"\/>\n\t<\/div>\n\n<\/div><\/div><\/div><\/div><div id=\"pg-733-3\"  class=\"panel-grid panel-no-style\" ><div id=\"pgc-733-3-0\"  class=\"panel-grid-cell\" ><div id=\"panel-733-3-0-0\" class=\"so-panel widget widget_veuse_divider_widget panel-first-child panel-last-child\" data-index=\"5\" ><h4 class=\"veuse-divider veuse-divider-left\"><span><i class=\"fa fa-*\"><\/i><\/span><\/h4><\/div><\/div><\/div><div id=\"pg-733-4\"  class=\"panel-grid panel-no-style\" ><div id=\"pgc-733-4-0\"  class=\"panel-grid-cell\" ><div id=\"panel-733-4-0-0\" class=\"so-panel widget widget_black-studio-tinymce widget_black_studio_tinymce panel-first-child\" data-index=\"6\" ><div class=\"textwidget\"><div class=\"et_pb_text et_pb_bg_layout_dark et_pb_text_align_left\">\n<div class=\"et_pb_text et_pb_bg_layout_dark et_pb_text_align_left\">\n<h2 style=\"text-align: center;\"><span style=\"color: #e32095;\">DE BEHANDELING:<\/span><\/h2>\n<p style=\"text-align: center;\">HET BEGINT MET HET KIEZEN VAN DE JUISTE WIMPEREXTENSIONS. SAMEN BESPREKEN WE WAT JOUW WENS IS EN KIEZEN WE HET TYPE WIMPERS DAT BIJ JE PAST.\u00a0DENK HIERBIJ AAN DE LENGTE EN DIKTE VAN DE EXTENSIONS. JE EIGEN WIMPERS MOETEN NAMELIJK STERK GENOEG ZIJN OM DE GEKOZEN WIMPEREXTENSIONS TE KUNNEN DRAGEN ZODAT JE EIGEN WIMPERS NATUURLIJK NIET BESCHADIGEN.<\/p>\n<p style=\"text-align: center;\">NA HET BESPREKEN KAN JE ONTSPANNEN PLAATS NEMEN OP DE BEHANDELSTOEL. IK BRENG ONDER IEDER OOG PADS AAN ZODAT DE WIMPERS VOOR MIJ GOED ZICHTBAAR ZIJN EN DE ONDERWIMPERS ZIJN BESCHERMD.<\/p>\n<p style=\"text-align: center;\">DE GEHELE BEHANDELING ZULLEN JE OGEN GESLOTEN ZIJN.<\/p>\n<p style=\"text-align: center;\">MET EEN PINCET PLAATS IK DAN \u00c9\u00c9N VOOR \u00c9\u00c9N OP IEDER HAARTJE EEN EXTENSION OM HET GEWENSTE RESULTAAT TE BEREIKEN.\u00a0DIT WORDT GEDAAN MET EEN MEDICINALE HYPO-ALLERGENE LIJM, DIE TEVENS IN DE MEDISCHE WERELD WORDT GEBRUIKT. DE KLEUR VAN DEZE LIJM IS ZWART.<\/p>\n<p style=\"text-align: center;\">DE TIJD DIE EEN WIMPERVERLENGENDE BEHANDELING KOST VARIEERT. GEMIDDELD DUURT DIT TUSSEN DE 60 EN 75 MINUTEN AFHANKELIJK VAN DE HOEVEELHEID EIGEN WIMPERS.<\/p>\n<\/div>\n<\/div>\n<\/div><\/div><div id=\"panel-733-4-0-1\" class=\"so-panel widget widget_sow-image panel-last-child\" data-index=\"7\" ><div\n\t\t\t\n\t\t\tclass=\"so-widget-sow-image so-widget-sow-image-default-c67d20f9f743-733\"\n\t\t\t\n\t\t>\n<div class=\"sow-image-container\">\n\t\t<img \n\tsrc=\"https:\/\/www.by-mandy.nl\/wp-content\/uploads\/2017\/06\/krullen.jpg\" width=\"680\" height=\"178\" srcset=\"https:\/\/www.by-mandy.nl\/wp-content\/uploads\/2017\/06\/krullen.jpg 680w, https:\/\/www.by-mandy.nl\/wp-content\/uploads\/2017\/06\/krullen-300x79.jpg 300w\" sizes=\"(max-width: 680px) 100vw, 680px\" alt=\"\" \t\tclass=\"so-widget-image\"\/>\n\t<\/div>\n\n<\/div><\/div><\/div><\/div><div id=\"pg-733-5\"  class=\"panel-grid panel-no-style\" ><div id=\"pgc-733-5-0\"  class=\"panel-grid-cell\" ><div id=\"panel-733-5-0-0\" class=\"so-panel widget widget_veuse_divider_widget panel-first-child panel-last-child\" data-index=\"8\" ><h4 class=\"veuse-divider veuse-divider-left\"><span><i class=\"fa fa-*\"><\/i><\/span><\/h4><\/div><\/div><\/div><div id=\"pg-733-6\"  class=\"panel-grid panel-no-style\" ><div id=\"pgc-733-6-0\"  class=\"panel-grid-cell\" ><div id=\"panel-733-6-0-0\" class=\"so-panel widget widget_black-studio-tinymce widget_black_studio_tinymce panel-first-child panel-last-child\" data-index=\"9\" ><div class=\"textwidget\"><div class=\"page\" title=\"Page 1\">\n<h2 style=\"text-align: center;\"><span style=\"color: #e32095;\">NAZORG EN TIPS!<\/span><\/h2>\n<p style=\"text-align: center;\"><span style=\"color: #000000;\"><span style=\"caret-color: #000000;\">HET IS BELANGRIJK DAT JE WIMPERS DE EERSTE\u00a0<strong>24 UUR<\/strong> NA DE BEHANDELING <strong>NIET<\/strong> IN CONTACT KOMEN MET <strong>WATER.<\/strong> ZO KRIJGT DE LIJM VOLLEDIG DE TIJD UIT TE HARDEN EN TE HECHTEN AAN JE WIMPERS.<\/span><\/span><\/p>\n<p style=\"text-align: center;\"><span style=\"color: #000000;\"><span style=\"caret-color: #000000;\">-RAAK DE WIMPERS ZO MIN MOGELIJK AAN TENZIJ JE EEN <strong>WIMPERBORSTELTJE<\/strong> GEBRUIKT (KRIJG JE BIJ JE EERSTE BEZOEK) OF JE ZE REINIGT ONDER DE DOUCHE. AAN JE VINGERS ZIT NAMELIJK ALTIJD HUIDVET, DIT ZORGT VOOR VERVROEGD<strong>\u00a0LOSLATEN<\/strong>\u00a0VAN DE EXTENSIONS.<\/span><\/span><\/p>\n<p style=\"text-align: center;\"><span style=\"color: #000000;\"><span style=\"caret-color: #000000;\">-<strong>REINIG<\/strong> JE WIMPERS (OOK OOG MAKE-UP) MET EEN VETVRIJE, OLIEVRIJE REMOVER. HET BESTE KUN JE DE WIMPERS ONDER DE DOUCHE REINIGEN MET EEN FOAM CLEANER.<\/span><\/span><strong><span style=\"color: #000000;\"><span style=\"caret-color: #000000;\">\u00a0IK RAAD AAN DEZE BIJ JE EERSTE BEHANDELING AAN TE SCHAFFEN MAAR IS NIET VERPLICHT.<\/span><\/span><\/strong><\/p>\n<p style=\"text-align: center;\"><span style=\"color: #000000;\"><span style=\"caret-color: #000000;\">-<strong>KAM<\/strong> DE WIMPEREXTENSIONS <b>ALTIJD<\/b>\u00a0DIRECT NA HET DOUCHEN, KNIJP JE OGEN DICHT TOT HET MEESTE WATER TUSSEN DE WIMPERS WEG IS EN BORSTEL ZE DAN VOORZICHTIG WEER MOOI IN MODEL.<\/span><\/span><\/p>\n<p style=\"text-align: center;\"><span style=\"color: #000000;\"><span style=\"caret-color: #000000;\">-DROOG DE OGEN\u00a0<strong>NIET<\/strong> MET EEN <strong>HANDDOEK<\/strong> OF <strong>WATTEN<\/strong>, HIERDOOR BLIJVEN PLUISJES ACHTER OP DE EXTENSIONS DIE JE SLECHT KUNT VERWIJDEREN EN JE OGEN KUNNEN IRRITEREN.<\/span><\/span><\/p>\n<p style=\"text-align: center;\"><span style=\"color: #000000;\"><span style=\"caret-color: #000000;\">-GEBRUIK VAN <strong>MASCARA<\/strong> IS NIET NODIG EN IS ZELFS <strong>AF TE RADEN.\u00a0<\/strong>INDIEN TOCH GEWENST, DAN ALLEEN MASCARA DIE GESCHIKT IS VOOR WIMPEREXTENSIONS. DEZE OOK ALLEEN AANBRENGEN AAN DE UITEINDEN (PUNTJES) EN NIET AAN DE AANZET. DEZE MASCARA IS VERKRIJGBAAR IN DE SALON.<\/span><\/span><\/p>\n<p style=\"text-align: center;\"><span style=\"color: #000000;\"><span style=\"caret-color: #000000;\">-GEBRUIK <strong>NOOIT<\/strong> EEN <strong>WIMPERKRULTANG<\/strong>, HIERDOOR KUNNEN DE WIMPEREXTENSIONS EN EIGEN WIMPERS <strong>AFBREKEN OF LOSLATEN<\/strong>.<\/span><\/span><\/p>\n<p style=\"text-align: center;\"><span style=\"color: #000000;\"><span style=\"caret-color: #000000;\">-<strong>SAUNA<\/strong> EN <strong>ZWEMMEN<\/strong> IS NATUURLIJK MOGELIJK MAAR HOUDT ER REKENING MEE DAT DOOR DE WARMTE DE AANHECHTING VERMINDERD. BIJ VEELVULDIG ONDERWATER ZWEMMEN IS EEN ZWEMBRIL AAN TE BEVELEN.<\/span><\/span><\/p>\n<p style=\"text-align: center;\"><span style=\"color: #000000;\"><span style=\"caret-color: #000000;\">-PROBEER JE OGEN NIET IN JE KUSSEN TE LATEN RUSTEN ALS JE GAAT <strong>SLAPEN<\/strong>, DIT KAN ER VOOR ZORGEN DAT ZE OMVOUWEN OF ZELFS AFBREKEN.<\/span><\/span><\/p>\n<p style=\"text-align: center;\"><span style=\"color: #000000;\"><span style=\"caret-color: #000000;\">-VOOR EEN OPTIMAAL RESULTAAT, RAAD IK AAN OM ELKE 2 OF 3 WEKEN EEN \"REFILL\" \u00a0TE DOEN. ZO WORDT HET MOOIE RESULTAAT BEHOUDEN.<\/span><\/span><\/p>\n<p style=\"text-align: center;\"><span style=\"color: #000000;\"><span style=\"caret-color: #000000;\">\u00a0<\/span><\/span><\/p>\n<p style=\"text-align: center;\"><span style=\"color: #000000;\"><span style=\"caret-color: #000000;\">VOOR MEER INFORMATIE OF VRAGEN NEEM GERUST <a href=\"https:\/\/www.by-mandy.nl\/index.php\/contact\/\">CONTACT<\/a> OP.<\/span><\/span><\/p>\n<\/div>\n<\/div><\/div><\/div><\/div><div id=\"pg-733-7\"  class=\"panel-grid panel-no-style\" ><div id=\"pgc-733-7-0\"  class=\"panel-grid-cell\" ><div id=\"panel-733-7-0-0\" class=\"so-panel widget widget_veuse_divider_widget panel-first-child panel-last-child\" data-index=\"10\" ><h4 class=\"veuse-divider veuse-divider-left\"><span><i class=\"fa fa-*\"><\/i><\/span><\/h4><\/div><\/div><\/div><div id=\"pg-733-8\"  class=\"panel-grid panel-no-style\" ><div id=\"pgc-733-8-0\"  class=\"panel-grid-cell\" ><div id=\"panel-733-8-0-0\" class=\"widget_text so-panel widget widget_custom_html panel-first-child panel-last-child\" data-index=\"11\" ><div class=\"textwidget custom-html-widget\"><iframe name='boekingappframe'  id='onlineBoeken' width='100%'  scrolling='yes' style='overflow-x: hidden; overflow-y:auto;height:500px' src='https:\/\/by-mandy.boekingapp.nl\/book?cid=4335&CategoryId=19009'><\/iframe><\/div><\/div><\/div><\/div><\/div>","protected":false},"excerpt":{"rendered":"<p>BELANGRIJK KOM ALTIJD MET GEREINIGDE WIMPERS (LIEFST MET EEN PRODUCT ZONDER OLIE) EN ZONDER MASCARA NAAR JE BEZOEK AAN DE SALON. DIT ZORGT VOOR EEN MOOIER RESULTAAT EN BETERE HECHTING. DE BEHANDELING: HET BEGINT MET HET KIEZEN VAN DE JUISTE WIMPEREXTENSIONS. SAMEN BESPREKEN WE WAT JOUW WENS IS EN KIEZEN WE HET TYPE WIMPERS DAT [&hellip;]<\/p>\n","protected":false},"author":1,"featured_media":817,"parent":0,"menu_order":0,"comment_status":"closed","ping_status":"open","template":"","meta":{"sfsi_plus_gutenberg_text_before_share":"","sfsi_plus_gutenberg_show_text_before_share":"","sfsi_plus_gutenberg_icon_type":"","sfsi_plus_gutenberg_icon_alignemt":"","sfsi_plus_gutenburg_max_per_row":"","footnotes":""},"class_list":["post-733","page","type-page","status-publish","has-post-thumbnail","hentry"],"yoast_head":"<!-- This site is optimized with the Yoast SEO plugin v27.1.1 - https:\/\/yoast.com\/product\/yoast-seo-wordpress\/ -->\n<title>WimperExtensions | EyeLashes | By.Mandy.Beauty | Nieuw-Vennep<\/title>\n<meta name=\"description\" content=\"De No1 Wimpersalon voor WimperExtensions | Eyelashes @ Nieuw-Vennep. Reserveer gemakkelijk online je een afspraak!\" \/>\n<meta name=\"robots\" content=\"index, follow, max-snippet:-1, max-image-preview:large, max-video-preview:-1\" \/>\n<link rel=\"canonical\" href=\"https:\/\/www.by-mandy.nl\/index.php\/wimperextensions\/\" \/>\n<meta property=\"og:locale\" content=\"nl_NL\" \/>\n<meta property=\"og:type\" content=\"article\" \/>\n<meta property=\"og:title\" content=\"WimperExtensions | EyeLashes | By.Mandy.Beauty | Nieuw-Vennep\" \/>\n<meta property=\"og:description\" content=\"De No1 Wimpersalon voor WimperExtensions | Eyelashes @ Nieuw-Vennep. Reserveer gemakkelijk online je een afspraak!\" \/>\n<meta property=\"og:url\" content=\"https:\/\/www.by-mandy.nl\/index.php\/wimperextensions\/\" \/>\n<meta property=\"og:site_name\" content=\"BY-Mandy\" \/>\n<meta property=\"article:publisher\" content=\"https:\/\/www.facebook.com\/BeYouMandy\" \/>\n<meta property=\"article:modified_time\" content=\"2023-01-08T10:12:33+00:00\" \/>\n<meta property=\"og:image\" content=\"https:\/\/www.by-mandy.nl\/wp-content\/uploads\/2014\/09\/Lash-Extend_before-after.png\" \/>\n\t<meta property=\"og:image:width\" content=\"400\" \/>\n\t<meta property=\"og:image:height\" content=\"410\" \/>\n\t<meta property=\"og:image:type\" content=\"image\/png\" \/>\n<meta name=\"twitter:label1\" content=\"Geschatte leestijd\" \/>\n\t<meta name=\"twitter:data1\" content=\"3 minuten\" \/>\n<script type=\"application\/ld+json\" class=\"yoast-schema-graph\">{\"@context\":\"https:\/\/schema.org\",\"@graph\":[{\"@type\":\"WebPage\",\"@id\":\"https:\/\/www.by-mandy.nl\/index.php\/wimperextensions\/\",\"url\":\"https:\/\/www.by-mandy.nl\/index.php\/wimperextensions\/\",\"name\":\"WimperExtensions | EyeLashes | By.Mandy.Beauty | Nieuw-Vennep\",\"isPartOf\":{\"@id\":\"https:\/\/www.by-mandy.nl\/#website\"},\"primaryImageOfPage\":{\"@id\":\"https:\/\/www.by-mandy.nl\/index.php\/wimperextensions\/#primaryimage\"},\"image\":{\"@id\":\"https:\/\/www.by-mandy.nl\/index.php\/wimperextensions\/#primaryimage\"},\"thumbnailUrl\":\"https:\/\/www.by-mandy.nl\/wp-content\/uploads\/2014\/09\/Lash-Extend_before-after.png\",\"datePublished\":\"2014-09-13T15:37:08+00:00\",\"dateModified\":\"2023-01-08T10:12:33+00:00\",\"description\":\"De No1 Wimpersalon voor WimperExtensions | Eyelashes @ Nieuw-Vennep. Reserveer gemakkelijk online je een afspraak!\",\"breadcrumb\":{\"@id\":\"https:\/\/www.by-mandy.nl\/index.php\/wimperextensions\/#breadcrumb\"},\"inLanguage\":\"nl-NL\",\"potentialAction\":[{\"@type\":\"ReadAction\",\"target\":[\"https:\/\/www.by-mandy.nl\/index.php\/wimperextensions\/\"]}]},{\"@type\":\"ImageObject\",\"inLanguage\":\"nl-NL\",\"@id\":\"https:\/\/www.by-mandy.nl\/index.php\/wimperextensions\/#primaryimage\",\"url\":\"https:\/\/www.by-mandy.nl\/wp-content\/uploads\/2014\/09\/Lash-Extend_before-after.png\",\"contentUrl\":\"https:\/\/www.by-mandy.nl\/wp-content\/uploads\/2014\/09\/Lash-Extend_before-after.png\",\"width\":400,\"height\":410},{\"@type\":\"BreadcrumbList\",\"@id\":\"https:\/\/www.by-mandy.nl\/index.php\/wimperextensions\/#breadcrumb\",\"itemListElement\":[{\"@type\":\"ListItem\",\"position\":1,\"name\":\"Home\",\"item\":\"https:\/\/www.by-mandy.nl\/\"},{\"@type\":\"ListItem\",\"position\":2,\"name\":\"WimperExtensions\"}]},{\"@type\":\"WebSite\",\"@id\":\"https:\/\/www.by-mandy.nl\/#website\",\"url\":\"https:\/\/www.by-mandy.nl\/\",\"name\":\"BY-Mandy\",\"description\":\"nagelstudio, spray-tan, wimperextensions,Nieuw-Vennep\",\"potentialAction\":[{\"@type\":\"SearchAction\",\"target\":{\"@type\":\"EntryPoint\",\"urlTemplate\":\"https:\/\/www.by-mandy.nl\/?s={search_term_string}\"},\"query-input\":{\"@type\":\"PropertyValueSpecification\",\"valueRequired\":true,\"valueName\":\"search_term_string\"}}],\"inLanguage\":\"nl-NL\"}]}<\/script>\n<!-- \/ Yoast SEO plugin. -->","yoast_head_json":{"title":"WimperExtensions | EyeLashes | By.Mandy.Beauty | Nieuw-Vennep","description":"De No1 Wimpersalon voor WimperExtensions | Eyelashes @ Nieuw-Vennep. Reserveer gemakkelijk online je een afspraak!","robots":{"index":"index","follow":"follow","max-snippet":"max-snippet:-1","max-image-preview":"max-image-preview:large","max-video-preview":"max-video-preview:-1"},"canonical":"https:\/\/www.by-mandy.nl\/index.php\/wimperextensions\/","og_locale":"nl_NL","og_type":"article","og_title":"WimperExtensions | EyeLashes | By.Mandy.Beauty | Nieuw-Vennep","og_description":"De No1 Wimpersalon voor WimperExtensions | Eyelashes @ Nieuw-Vennep. Reserveer gemakkelijk online je een afspraak!","og_url":"https:\/\/www.by-mandy.nl\/index.php\/wimperextensions\/","og_site_name":"BY-Mandy","article_publisher":"https:\/\/www.facebook.com\/BeYouMandy","article_modified_time":"2023-01-08T10:12:33+00:00","og_image":[{"width":400,"height":410,"url":"https:\/\/www.by-mandy.nl\/wp-content\/uploads\/2014\/09\/Lash-Extend_before-after.png","type":"image\/png"}],"twitter_misc":{"Geschatte leestijd":"3 minuten"},"schema":{"@context":"https:\/\/schema.org","@graph":[{"@type":"WebPage","@id":"https:\/\/www.by-mandy.nl\/index.php\/wimperextensions\/","url":"https:\/\/www.by-mandy.nl\/index.php\/wimperextensions\/","name":"WimperExtensions | EyeLashes | By.Mandy.Beauty | Nieuw-Vennep","isPartOf":{"@id":"https:\/\/www.by-mandy.nl\/#website"},"primaryImageOfPage":{"@id":"https:\/\/www.by-mandy.nl\/index.php\/wimperextensions\/#primaryimage"},"image":{"@id":"https:\/\/www.by-mandy.nl\/index.php\/wimperextensions\/#primaryimage"},"thumbnailUrl":"https:\/\/www.by-mandy.nl\/wp-content\/uploads\/2014\/09\/Lash-Extend_before-after.png","datePublished":"2014-09-13T15:37:08+00:00","dateModified":"2023-01-08T10:12:33+00:00","description":"De No1 Wimpersalon voor WimperExtensions | Eyelashes @ Nieuw-Vennep. Reserveer gemakkelijk online je een afspraak!","breadcrumb":{"@id":"https:\/\/www.by-mandy.nl\/index.php\/wimperextensions\/#breadcrumb"},"inLanguage":"nl-NL","potentialAction":[{"@type":"ReadAction","target":["https:\/\/www.by-mandy.nl\/index.php\/wimperextensions\/"]}]},{"@type":"ImageObject","inLanguage":"nl-NL","@id":"https:\/\/www.by-mandy.nl\/index.php\/wimperextensions\/#primaryimage","url":"https:\/\/www.by-mandy.nl\/wp-content\/uploads\/2014\/09\/Lash-Extend_before-after.png","contentUrl":"https:\/\/www.by-mandy.nl\/wp-content\/uploads\/2014\/09\/Lash-Extend_before-after.png","width":400,"height":410},{"@type":"BreadcrumbList","@id":"https:\/\/www.by-mandy.nl\/index.php\/wimperextensions\/#breadcrumb","itemListElement":[{"@type":"ListItem","position":1,"name":"Home","item":"https:\/\/www.by-mandy.nl\/"},{"@type":"ListItem","position":2,"name":"WimperExtensions"}]},{"@type":"WebSite","@id":"https:\/\/www.by-mandy.nl\/#website","url":"https:\/\/www.by-mandy.nl\/","name":"BY-Mandy","description":"nagelstudio, spray-tan, wimperextensions,Nieuw-Vennep","potentialAction":[{"@type":"SearchAction","target":{"@type":"EntryPoint","urlTemplate":"https:\/\/www.by-mandy.nl\/?s={search_term_string}"},"query-input":{"@type":"PropertyValueSpecification","valueRequired":true,"valueName":"search_term_string"}}],"inLanguage":"nl-NL"}]}},"_links":{"self":[{"href":"https:\/\/www.by-mandy.nl\/index.php\/wp-json\/wp\/v2\/pages\/733","targetHints":{"allow":["GET"]}}],"collection":[{"href":"https:\/\/www.by-mandy.nl\/index.php\/wp-json\/wp\/v2\/pages"}],"about":[{"href":"https:\/\/www.by-mandy.nl\/index.php\/wp-json\/wp\/v2\/types\/page"}],"author":[{"embeddable":true,"href":"https:\/\/www.by-mandy.nl\/index.php\/wp-json\/wp\/v2\/users\/1"}],"replies":[{"embeddable":true,"href":"https:\/\/www.by-mandy.nl\/index.php\/wp-json\/wp\/v2\/comments?post=733"}],"version-history":[{"count":148,"href":"https:\/\/www.by-mandy.nl\/index.php\/wp-json\/wp\/v2\/pages\/733\/revisions"}],"predecessor-version":[{"id":2957,"href":"https:\/\/www.by-mandy.nl\/index.php\/wp-json\/wp\/v2\/pages\/733\/revisions\/2957"}],"wp:featuredmedia":[{"embeddable":true,"href":"https:\/\/www.by-mandy.nl\/index.php\/wp-json\/wp\/v2\/media\/817"}],"wp:attachment":[{"href":"https:\/\/www.by-mandy.nl\/index.php\/wp-json\/wp\/v2\/media?parent=733"}],"curies":[{"name":"wp","href":"https:\/\/api.w.org\/{rel}","templated":true}]}}